 7.
2
Convert ab (base 14) to base 2.
10010111
Convert 350 (base 9) to base 15.
143
Convert -70 (base 13) to base 5.
-331
Convert 18 (base 12) to base 2.
10100
Convert 2 (base 14) to base 10.
2
What is 2 (base 4) in base 3?
2
-13 (base 12) to base 8
-17
Convert -1011010 (base 2) to base 14.
-66
What is 100 (base 2) in base 5?
4
-19 (base 11) to base 5
-40
What is -11 (base 6) in base 14?
-7
What is 2 (base 10) in base 12?
2
-1 (base 12) to base 5
-1
Convert 3 (base 7) to base 3.
10
-3 (base 13) to base 12
-3
Convert -3 (base 6) to base 8.
-3
What is 49 (base 13) in base 9?
67
Convert 0 (base 13) to base 2.
0
Convert -16 (base 10) to base 3.
-121
36 (base 11) to base 9
43
What is -15 (base 6) in base 12?
-b
What is -7a (base 13) in base 4?
-1211
1a (base 13) to base 3
212
26 (base 13) to base 12
28
-3 (base 4) to base 2
-11
What is -1 (base 10) in base 5?
-1
What is 1 (base 5) in base 8?
1
4 (base 6) to base 5
4
What is -1 (base 2) in base 10?
-1
What is 25 (base 15) in base 4?
203
What is -2111 (base 4) in base 15?
-9e
-22 (base 5) to base 13
-c
Convert 3 (base 16) to base 14.
3
12 (base 3) to base 4
11
-8 (base 14) to base 3
-22
What is 16 (base 16) in base 3?
211
Convert 8 (base 15) to base 5.
13
29 (base 12) to base 15
23
What is -111011 (base 2) in base 12?
-4b
What is 1a (base 14) in base 4?
120
Convert 0 (base 16) to base 11.
0
Convert -265 (base 7) to base 15.
-9a
240 (base 8) to base 7
316
What is -a (base 16) in base 5?
-20
Convert 3 (base 16) to base 2.
11
Convert 10 (base 5) to base 14.
5
102 (base 6) to base 10
38
2 (base 8) to base 6
2
14 (base 9) to base 4
31
What is 101000 (base 2) in base 7?
55
62 (base 7) to base 8
54
What is 36 (base 9) in base 5?
113
What is -1325 (base 6) in base 8?
-525
Convert -1001 (base 2) to base 13.
-9
Convert -1b (base 14) to base 6.
-41
-1002 (base 3) to base 2
-11101
8 (base 10) to base 14
8
-5 (base 13) to base 9
-5
Convert -116 (base 7) to base 10.
-62
What is 3 (base 5) in base 14?
3
Convert 108 (base 9) to base 8.
131
200 (base 3) to base 7
24
2 (base 4) to base 11
2
What is -31 (base 11) in base 16?
-22
Convert 1010 (base 2) to base 3.
101
What is 10 (base 10) in base 3?
101
Convert -26 (base 11) to base 5.
-103
Convert -1055 (base 6) to base 2.
-11111011
Convert -b (base 13) to base 4.
-23
What is -11 (base 8) in base 10?
-9
Convert 1 (base 10) to base 15.
1
51 (base 15) to base 12
64
7 (base 14) to base 12
7
Convert -d (base 15) to base 12.
-11
What is -110 (base 2) in base 13?
-6
7 (base 13) to base 7
10
What is 43 (base 11) in base 2?
101111
Convert -2222 (base 4) to base 8.
-252
120 (base 3) to base 14
11
6 (base 15) to base 5
11
Convert 12 (base 5) to base 16.
7
Convert 3 (base 9) to base 2.
11
1 (base 8) to base 7
1
-16 (base 13) to base 9
-21
What is -26 (base 8) in base 3?
-211
What is 1200 (base 3) in base 13?
36
-1a (base 12) to base 10
-22
Convert -10010 (base 2) to base 10.
-18
What is 100 (base 2) in base 8?
4
What is 5 (base 15) in base 11?
5
What is 21 (base 8) in base 3?
122
Convert -73 (base 8) to base 15.
-3e
What is -58 (base 9) in base 8?
-65
What is 1020 (base 6) in base 13?
147
Convert -1 (base 12) to base 11.
-1
Convert -12 (base 12) to base 10.
-14
-4 (base 14) to base 5
-4
-5 (base 15) to base 4
-11
Convert 1011 (base 2) to base 11.
10
-25 (base 14) to base 3
-1020
Convert 252 (base 6) to base 5.
404
What is -22 (base 8) in base 2?
-10010
-37 (base 16) to base 5
-210
What is -3 (base 11) in base 16?
-3
-33 (base 6) to base 3
-210
What is -163 (base 8) in base 4?
-1303
Convert c (base 16) to base 8.
14
Convert 211 (base 4) to base 15.
27
Convert 1a3 (base 11) to base 3.
22200
What is 12 (base 6) in base 12?
8
-6 (base 13) to base 2
-110
What is 1c8 (base 13) in base 7?
654
Convert 13 (base 12) to base 14.
11
-100 (base 10) to base 14
-72
What is 1 (base 4) in base 12?
1
What is -2 (base 16) in base 7?
-2
What is -4 (base 9) in base 6?
-4
What is -17 (base 9) in base 3?
-121
What is -11 (base 2) in base 8?
-3
Convert -1 (base 9) to base 6.
-1
What is -14 (base 15) in base 14?
-15
What is -22 (base 3) in base 8?
-10
What is 2201 (base 3) in base 6?
201
Convert -6 (base 16) to base 4.
-12
What is -2 (base 6) in base 16?
-2
What is 1 (base 13) in base 15?
1
Convert -149 (base 14) to base 10.
-261
What is -2 (base 4) in base 10?
-2
What is c (base 14) in base 12?
10
Convert -100100 (base 2) to base 11.
-33
What is -30 (base 9) in base 3?
-1000
Convert -246 (base 7) to base 16.
-84
What is 136 (base 14) in base 4?
3310
-2 (base 5) to base 11
-2
What is -1 (base 16) in base 13?
-1
What is -4 (base 9) in base 10?
-4
Convert 111 (base 7) to base 15.
3c
Convert 8 (base 12) to base 8.
10
-3 (base 10) to base 16
-3
Convert 22 (base 13) to base 12.
24
Convert 52 (base 7) to base 13.
2b
-29 (base 16) to base 7
-56
What is 20 (base 14) in base 13?
22
Convert -11 (base 2) to base 11.
-3
-31 (base 15) to base 6
-114
What is 10111 (base 2) in base 5?
43
Convert 126 (base 7) to base 11.
63
Convert 3121 (base 4) to base 6.
1001
-13 (base 11) to base 10
-14
Convert -37 (base 13) to base 9.
-51
What is -4 (base 13) in base 16?
-4
What is 1 (base 5) in base 3?
1
Convert -17 (base 16) to base 6.
-35
0 (base 5) to base 13
0
-12 (base 7) to base 2
-1001
What is -22 (base 12) in base 7?
-35
What is 2 (base 3) in base 13?
2
-133 (base 5) to base 7
-61
0 (base 9) to base 16
0
9 (base 13) to base 14
9
What is 4 (base 12) in base 11?
4
-5 (base 13) to base 15
-5
20 (base 3) to base 11
6
What is -23 (base 8) in base 10?
-19
Convert 1 (base 14) to base 4.
1
8 (base 9) to base 16
8
What is 45 (base 8) in base 13?
2b
39 (base 12) to base 16
2d
-2 (base 5) to base 9
-2
3 (base 14) to base 5
3
-25 (base 9) to base 10
-23
What is 13 (base 12) in base 8?
17
Convert b3 (base 14) to base 15.
a7
Convert -526 (base 8) to base 16.
-156
What is 3 (base 11) in base 12?
3
6 (base 12) to base 3
20
1220 (base 4) to base 10
104
What is 4 (base 6) in base 8?
4
What is 1 (base 4) in base 7?
1
Convert -18 (base 9) to base 13.
-14
Convert a (base 13) to base 6.
14
Convert -a7 (base 13) to base 2.
-10001001
Convert -30 (base 7) to base 13.
-18
What is -1010110 (base 2) in base 5?
-321
Convert -10 (base 2) to base 14.
-2
What is -1111 (base 2) in base 6?
-23
What is 0 (base 15) in base 14?
0
What is 11011010 (base 2) in base 6?
1002
Convert -10 (base 2) to base 4.
-2
3002 (base 4) to base 5
1234
What is 0 (base 8) in base 16?
0
What is -e (base 16) in base 2?
-1110
Convert -26 (base 15) to base 16.
-24
What is 10 (base 4) in base 13?
4
2 (base 7) to base 6
2
What is 1 (base 7) in base 10?
1
What is 34 (base 13) in base 11?
3a
Convert -4 (base 8) to base 6.
-4
Convert 10001010 (base 2) to base 12.
b6
3 (base 15) to base 3
10
-43 (base 6) to base 5
-102
What is -1 (base 15) in base 7?
-1
What is -a9 (base 11) in base 7?
-230
Convert 2 (base 8) to base 9.
2
Convert -13 (base 10) to base 5.
-23
Convert 2 (base 5) to base 9.
2
What is 132 (base 4) in base 16?
1e
Convert -1 (base 13) to base 16.
-1
Convert 38 (base 15) to base 14.
3b
20 (base 7) to base 3
112
What is 11011 (base 2) in base 11?
25
What is -21 (base 6) in base 15?
-d
Convert -212 (base 4) to base 6.
-102
What is 301 (base 4) in base 6?
121
Convert 73 (base 14) to base 11.
92
-11110 (base 2) to base 12
-26
-8 (base 11) to base 5
-13
Convert -276 (base 11) to base 2.
-101000101
What is -11011 (base 2) in base 5?
-102
Convert 403 (base 6) to base 13.
b4
Convert 0 (base 4) to base 5.
0
Convert 27 (base 12) to base 16.
1f
What is -2 (base 9) in base 5?
-2
What is -42 (base 10) in base 15?
-2c
Convert 3 (base 4) to base 5.
3
33 (base 12) to base 13
30
What is 24 (base 5) in base 15?
e
What is -4 (base 16) in base 9?
-4
124 (base 7) to base 11
61
What is -127 (base 16) in base 6?
-1211
What is 201 (base 4) in base 12?
29
Convert 6 (base 16) to base 3.
20
What is -54 (base 6) in base 7?
-46
4d (base 15) to base 16
49
What is -4 (base 10) in base 3?
-11
75 (base 11) to base 7
145
What is 22 (base 5) in base 8?
14
What is 31 (base 15) in base 13?
37
Convert -2 (base 15) to base 12.
-2
Convert 3 (base 5) to base 16.
3
What is -10 (base 2) in base 5?
-2
Convert -14 (base 8) to base 14.
-c
What is 0 (base 15) in base 11?
0
Convert -2 (base 8) to base 5.
-2
Convert -2 (base